eatest common divisor of 2000 and 57834050.
50
Calculate the greatest common divisor of 15672 and 50414865.
1959
What is the highest common divisor of 240809062 and 23556?
3926
What is the highest common factor of 315 and 8971650?
45
What is the greatest common divisor of 27395346 and 4554?
1518
What is the greatest common divisor of 31146995 and 913?
913
Calculate the highest common factor of 51414222 and 408.
102
Calculate the greatest common divisor of 52559 and 13858.
169
What is the greatest common divisor of 1932 and 414055614?
966
What is the greatest common factor of 568640 and 22520?
40
What is the greatest common divisor of 9580 and 2218020?
20
Calculate the highest common factor of 545180895 and 7380.
1845
What is the highest common factor of 711 and 232344?
9
Calculate the highest common factor of 115 and 20242921.
23
Calculate the highest common divisor of 124506 and 18.
18
Calculate the greatest common divisor of 257644486 and 374.
374
What is the greatest common divisor of 8608 and 1508771504?
4304
What is the greatest common factor of 5280 and 76388928?
1056
What is the highest common divisor of 455432 and 2264?
8
What is the highest common divisor of 1576582 and 16226?
266
What is the greatest common divisor of 122 and 27824906?
122
What is the greatest common divisor of 16 and 224014568?
8
Calculate the highest common factor of 85839 and 7545369.
1209
What is the highest common divisor of 428828 and 940?
188
What is the highest common factor of 135440193 and 5118?
2559
What is the highest common factor of 569 and 158751569?
569
What is the greatest common divisor of 920 and 708952?
184
What is the greatest common factor of 148055866 and 21?
7
Calculate the greatest common divisor of 94 and 174399845.
47
Calculate the highest common divisor of 1122 and 8789374.
374
What is the greatest common divisor of 18 and 3128229?
9
Calculate the greatest common factor of 50856 and 196807.
13
Calculate the greatest common factor of 23783588 and 13218.
4406
What is the greatest common factor of 11657319 and 3?
3
What is the highest common factor of 364646 and 7424?
58
Calculate the highest common factor of 121975 and 99302.
287
What is the greatest common divisor of 7640 and 101840?
40
Calculate the highest common divisor of 12770087 and 55.
11
Calculate the highest common factor of 10069559 and 3895.
41
Calculate the highest common factor of 369982 and 4640.
58
What is the highest common divisor of 830574 and 108?
54
What is the greatest common factor of 132 and 610298524?
44
What is the greatest common factor of 1057 and 140380170?
1057
What is the greatest common divisor of 24499098 and 73710?
2106
What is the highest common factor of 118 and 1401413430?
118
What is the greatest common divisor of 22079250 and 1970?
10
What is the highest common factor of 1286244 and 90?
18
What is the highest common factor of 10 and 77666185?
5
Calculate the greatest common divisor of 16372146 and 14.
14
Calculate the highest common factor of 5 and 3245875.
5
What is the highest common factor of 691690004 and 8612?
8612
What is the highest common factor of 137302895 and 1433?
1433
What is the greatest common factor of 1597588 and 497232?
4604
Calculate the greatest common divisor of 20878 and 2841124.
286
What is the highest common factor of 53184390 and 68523?
5271
What is the greatest common factor of 144919967 and 848?
53
Calculate the greatest common divisor of 1114040 and 80.
40
What is the greatest common factor of 3076435 and 1396?
349
What is the highest common divisor of 2823330 and 120?
30
Calculate the highest common divisor of 477751 and 176494.
3043
Calculate the highest common divisor of 349971163 and 17.
17
What is the greatest common divisor of 11581748 and 712?
356
What is the highest common divisor of 18798 and 788793?
723
Calculate the greatest common factor of 2111 and 28819372.
2111
Calculate the highest common factor of 5327610 and 5389290.
7710
What is the highest common divisor of 98779832 and 15202?
1382
Calculate the greatest common factor of 18955655 and 303992.
2923
Calculate the highest common factor of 1275 and 2637907.
17
What is the highest common factor of 5667 and 6467936?
1889
What is the greatest common factor of 21054 and 3960?
66
What is the greatest common factor of 3709745 and 130?
65
What is the greatest common divisor of 259347 and 2001?
87
Calculate the greatest common divisor of 480 and 309832.
8
Calculate the greatest common divisor of 3458289 and 12.
3
Calculate the highest common factor of 155367 and 4041.
9
Calculate the highest common divisor of 216 and 7501488.
24
Calculate the greatest common divisor of 988 and 189394556.
52
What is the highest common divisor of 132 and 52574852?
44
What is the greatest common divisor of 576130 and 374?
34
Calculate the greatest common divisor of 2639 and 13693693.
13
Calculate the greatest common divisor of 3544073 and 39.
13
Calculate the highest common factor of 3243673 and 251.
251
Calculate the highest common factor of 225203 and 891.
11
What is the highest common divisor of 763142 and 2336?
146
Calculate the highest common divisor of 9579196 and 166.
166
Calculate the highest common factor of 6316646 and 42.
14
What is the highest common divisor of 250595254 and 26?
26
What is the highest common divisor of 2969586 and 1351584?
6498
Calculate the greatest common factor of 6583 and 154138902.
227
What is the greatest common divisor of 7907670 and 96?
6
Calculate the greatest common divisor of 12329390 and 3440.
430
What is the highest common divisor of 12752335 and 45?
5
Calculate the highest common factor of 14109672 and 2208.
552
What is the greatest common divisor of 646 and 3339326?
38
Calculate the greatest common factor of 6777329 and 145.
29
Calculate the greatest common factor of 796097 and 1517.
41
What is the greatest common divisor of 399480 and 106360?
40
What is the greatest common factor of 6768 and 6376518?
18
Calculate the greatest common divisor of 5352 and 496832.
8
Calculate the greatest common factor of 1379 and 2939437.
197
Calculate the highest common divisor of 1230811 and 35553.
1693
What is the greatest common divisor of 16416577 and 2108?
527
Calculate the greatest common divisor of 86811764 and 73018.
6638
Calculate the greatest common divisor of 13447451 and 4479.
1493
Calculate the highest common divisor of 503785 and 15865.
95
What is the greatest common divisor of 27237 and 204603?
21
What is the highest common factor of 119683958 and 1048?
262
Calculate the highest common divisor of 80482 and 222.
2
Calculate the highest common divisor of 28882 and 19166.
14
Calculate the greatest common divisor of 100178 and 78598.
26
What is the highest common divisor of 191028 and 1704?
12
Calculate the highest common factor of 65138682 and 6.
6
Calculate the highest common factor of 4367 and 2025097.
397
Calculate the greatest common factor of 335 and 19499479.
67
Calculate the highest common divisor of 6464800 and 34400.
800
What is the greatest common factor of 109 and 45394031?
109
What is the greatest common divisor of 42 and 12809937?
21
Calculate the highest common factor of 144 and 47100834.
18
What is the highest common divisor of 56807062 and 598?
26
Calculate the highest common factor of 152096086 and 1132.
566
Calculate the greatest common divisor of 59181345 and 102669.
14667
What is the highest common divisor of 26 and 144037049?
13
What is the greatest common divisor of 147064 and 1536112?
248
What is the highest common factor of 7002654 and 312330?
2154
What is the highest common divisor of 15 and 14914135?
5
Calculate the highest common divisor of 174869 and 299.
23
What is the greatest common divisor of 823280 and 220252?
164
Calculate the greatest common divisor of 340 and 19708610.
170
Calculate the highest common factor of 16919800 and 13400.
200
Calculate the highest common divisor of 1178748 and 2877.
411
Calculate the greatest common factor of 107342 and 1466.
2
Calculate the highest common divisor of 81 and 1276904.
1
Calculate the highest common factor of 1342 and 106075462.
122
Calculate the greatest common divisor of 127249960 and 1000.
40
Calculate the highest common factor of 1189491 and 1104.
69
Calculate the hig